{"id":573,"date":"2023-02-02T08:25:02","date_gmt":"2023-02-02T08:25:02","guid":{"rendered":"https:\/\/safe.eduproject.eu\/?page_id=573"},"modified":"2023-02-02T08:25:02","modified_gmt":"2023-02-02T08:25:02","slug":"safe-project-curriculum","status":"publish","type":"page","link":"https:\/\/safe.eduproject.eu\/index.php\/safe-project-curriculum\/","title":{"rendered":"SAFE Project Curriculum"},"content":{"rendered":"\n<p><\/p>\n\n\n\n<p><strong>About the SAFE curriculum:<\/strong><\/p>\n\n\n\n<p>A curriculum is a set curriculum or guideline for teaching in a school or educational institution. It defines the aim and scope of teaching, the content to be taught and the required skills and competences that pupils should acquire. A curriculum may apply to a particular subject, grade level or to the whole school. It serves as a framework for planning teaching sequences and activities and as a reference for teachers, pupils and parents.<\/p>\n\n\n\n<p><\/p>\n\n\n\n<p><strong>Zum SAFE Curriculum:<\/strong><\/p>\n\n\n\n<p>Ein Curriculum ist ein festgelegter Lehrplan respektive ein Leitfaden f\u00fcr den Unterricht in einer Schule oder Bildungseinrichtung. Es definiert das Ziel und den Umfang des Unterrichts, die zu vermittelnden Inhalte und die erforderlichen F\u00e4higkeiten und Kompetenzen, die die Sch\u00fcler erwerben sollen. Ein Lehrplan kann f\u00fcr ein bestimmtes Fach, eine bestimmte Klassenstufe oder f\u00fcr die gesamte Schule gelten. Es dient als Rahmen f\u00fcr die Planung von Unterrichtssequenzen und -aktivit\u00e4ten und als Referenz f\u00fcr Lehrer, Sch\u00fcler und Eltern.<\/p>\n\n\n\n<p><\/p>\n\n\n\n<p><strong>O u\u010debn\u00edm pl\u00e1nu SAFE:<\/strong><\/p>\n\n\n\n<p>U\u010debn\u00ed pl\u00e1n je soubor u\u010debn\u00edch osnov nebo pokyn\u016f pro v\u00fduku ve \u0161kole nebo vzd\u011bl\u00e1vac\u00ed instituci. Vymezuje c\u00edl a rozsah v\u00fduky, obsah, kter\u00fd se m\u00e1 vyu\u010dovat, a po\u017eadovan\u00e9 dovednosti a kompetence, kter\u00e9 by si \u017e\u00e1ci m\u011bli osvojit. Kurikulum se m\u016f\u017ee vztahovat na ur\u010dit\u00fd p\u0159edm\u011bt, stupe\u0148 nebo na celou \u0161kolu. Slou\u017e\u00ed jako r\u00e1mec pro pl\u00e1nov\u00e1n\u00ed posloupnosti v\u00fduky a \u010dinnost\u00ed a jako pom\u016fcka pro u\u010ditele, \u017e\u00e1ky a rodi\u010de.<\/p>\n\n\n\n<p><\/p>\n\n\n\n<p><strong>Acerca del plan de estudios SAFE:<\/strong><\/p>\n\n\n\n<p>Un curr\u00edculo es un plan de estudios u orientaci\u00f3n para la ense\u00f1anza en una escuela o centro educativo. Define el objetivo y el alcance de la ense\u00f1anza, los contenidos que deben impartirse y las destrezas y competencias que deben adquirir los alumnos. Un plan de estudios puede aplicarse a una asignatura concreta, a un curso o a toda la escuela. Sirve de marco para planificar secuencias y actividades de ense\u00f1anza y de referencia para profesores, alumnos y padres.<\/p>\n","protected":false},"excerpt":{"rendered":"<p>About the SAFE curriculum: A curriculum is a set curriculum or guideline for teaching in a school or educational institution. It defines the aim and scope of teaching, the content to be taught and the required skills and competences that pupils should acquire. A curriculum may apply to a particular subject, grade level or to &hellip; <\/p>\n<p class=\"link-more\"><a href=\"https:\/\/safe.eduproject.eu\/index.php\/safe-project-curriculum\/\" class=\"more-link\">Continue reading<span class=\"screen-reader-text\"> &#8220;SAFE Project Curriculum&#8221;<\/span><\/a><\/p>\n","protected":false},"author":1,"featured_media":0,"parent":0,"menu_order":0,"comment_status":"closed","ping_status":"closed","template":"","meta":{"footnotes":""},"class_list":["post-573","page","type-page","status-publish","hentry"],"_links":{"self":[{"href":"https:\/\/safe.eduproject.eu\/index.php\/wp-json\/wp\/v2\/pages\/573","targetHints":{"allow":["GET"]}}],"collection":[{"href":"https:\/\/safe.eduproject.eu\/index.php\/wp-json\/wp\/v2\/pages"}],"about":[{"href":"https:\/\/safe.eduproject.eu\/index.php\/wp-json\/wp\/v2\/types\/page"}],"author":[{"embeddable":true,"href":"https:\/\/safe.eduproject.eu\/index.php\/wp-json\/wp\/v2\/users\/1"}],"replies":[{"embeddable":true,"href":"https:\/\/safe.eduproject.eu\/index.php\/wp-json\/wp\/v2\/comments?post=573"}],"version-history":[{"count":1,"href":"https:\/\/safe.eduproject.eu\/index.php\/wp-json\/wp\/v2\/pages\/573\/revisions"}],"predecessor-version":[{"id":574,"href":"https:\/\/safe.eduproject.eu\/index.php\/wp-json\/wp\/v2\/pages\/573\/revisions\/574"}],"wp:attachment":[{"href":"https:\/\/safe.eduproject.eu\/index.php\/wp-json\/wp\/v2\/media?parent=573"}],"curies":[{"name":"wp","href":"https:\/\/api.w.org\/{rel}","templated":true}]}}