{"id":36,"date":"2022-03-17T11:42:21","date_gmt":"2022-03-17T11:42:21","guid":{"rendered":"https:\/\/safe.eduproject.eu\/?page_id=36"},"modified":"2023-02-02T10:02:50","modified_gmt":"2023-02-02T10:02:50","slug":"multiplier-events","status":"publish","type":"page","link":"https:\/\/safe.eduproject.eu\/index.php\/multiplier-events\/","title":{"rendered":"Multiplier Events of SAFE"},"content":{"rendered":"\n<p><\/p>\n\n\n\n<p>In total, there are three &#8220;Multiplier Events&#8221; within the SAFE project in the partner countries Germany at the University of Paderborn, in Spain at the school CEIP TOM\u00c0S ROMOJARO as well as at the Czech school KURZY ZEBRA in the Czech Republic.<\/p>\n\n\n\n<p>The following report gives an insight into this event and the photos provide a good overview of the diversity of the target groups.<\/p>\n\n\n\n<p>Take a look and immerse yourself in the multiplier event of SAFE!<\/p>\n\n\n\n<p><\/p>\n\n\n\n<p><strong>Translations in partner language: <\/strong><\/p>\n\n\n\n<p>Insgesamt gibt es im Rahmen des Projektes SAFE drei &#8220;Multiplier Events&#8221; in den Partnerl\u00e4ndern Deutschland in der Universit\u00e4t Paderborn, in Spanien in der Schule CEIP TOM\u00c0S ROMOJARO sowie der tschechischen Schule KURZY ZEBRA in Tschechien.<\/p>\n\n\n\n<p>Der nachfolgende Bericht gibt einen Einblick \u00fcber dieses Event und erm\u00f6glicht durch die Fotos eine gute \u00dcbersicht der Zielgruppenvielfalt.<\/p>\n\n\n\n<p>Schauen Sie herein und tauchen Sie in das Multiplier Event von SAFE ein!<\/p>\n\n\n\n<p><\/p>\n\n\n\n<p>En total, hay tres &#8220;Eventos Multiplicadores&#8221; dentro del proyecto SAFE en los pa\u00edses socios Alemania en la Universidad de Paderborn, en Espa\u00f1a en la escuela CEIP TOM\u00c0S ROMOJARO as\u00ed como en la escuela checa KURZY ZEBRA en la Rep\u00fablica Checa.<\/p>\n\n\n\n<p>El siguiente informe da una idea de este acontecimiento y las fotos ofrecen una buena panor\u00e1mica de la diversidad de los grupos destinatarios.<\/p>\n\n\n\n<p>\u00a1Eche un vistazo y sum\u00e9rjase en el acontecimiento multiplicador de SAFE!<\/p>\n\n\n\n<p><\/p>\n\n\n\n<p><\/p>\n\n\n\n<p>V r\u00e1mci projektu SAFE se konaj\u00ed celkem t\u0159i &#8220;Multiplier Events&#8221; v partnersk\u00fdch zem\u00edch: v N\u011bmecku na univerzit\u011b v Paderbornu, ve \u0160pan\u011blsku na \u0161kole CEIP TOM\u00c0S ROMOJARO a na \u010desk\u00e9 \u0161kole KURZY ZEBRA v \u010cesk\u00e9 republice.<\/p>\n\n\n\n<p>N\u00e1sleduj\u00edc\u00ed zpr\u00e1va p\u0159in\u00e1\u0161\u00ed pohled na tuto akci a fotografie poskytuj\u00ed dobr\u00fd p\u0159ehled o rozmanitosti c\u00edlov\u00fdch skupin.<\/p>\n\n\n\n<p>Pod\u00edvejte se a pono\u0159te se do multiplika\u010dn\u00ed akce SAFE!<\/p>\n\n\n\n<p><\/p>\n\n\n\n<p><\/p>\n\n\n\n<p><strong>Some impressions and information of the &#8221; SAFE Multiplier Events&#8221; in the national countries: <\/strong><\/p>\n\n\n\n<div class=\"wp-block-group\"><div class=\"wp-block-group__inner-container is-layout-constrained wp-block-group-is-layout-constrained\">\n<figure class=\"wp-block-gallery has-nested-images columns-default is-cropped wp-block-gallery-1 is-layout-flex wp-block-gallery-is-layout-flex\">\n<figure class=\"wp-block-image size-large\"><img loading=\"lazy\" decoding=\"async\" width=\"1024\" height=\"768\" data-id=\"629\" src=\"https:\/\/safe.eduproject.eu\/wp-content\/uploads\/2023\/02\/chris-montgomery-smgTvepind4-unsplash-1024x768.jpg\" alt=\"\" class=\"wp-image-629\" srcset=\"https:\/\/safe.eduproject.eu\/wp-content\/uploads\/2023\/02\/chris-montgomery-smgTvepind4-unsplash-1024x768.jpg 1024w, https:\/\/safe.eduproject.eu\/wp-content\/uploads\/2023\/02\/chris-montgomery-smgTvepind4-unsplash-300x225.jpg 300w, https:\/\/safe.eduproject.eu\/wp-content\/uploads\/2023\/02\/chris-montgomery-smgTvepind4-unsplash-768x576.jpg 768w, https:\/\/safe.eduproject.eu\/wp-content\/uploads\/2023\/02\/chris-montgomery-smgTvepind4-unsplash-1536x1152.jpg 1536w, https:\/\/safe.eduproject.eu\/wp-content\/uploads\/2023\/02\/chris-montgomery-smgTvepind4-unsplash-2048x1536.jpg 2048w\" sizes=\"auto, (max-width: 767px) 89vw, (max-width: 1000px) 54vw, (max-width: 1071px) 543px, 580px\" \/><\/figure>\n\n\n\n<figure class=\"wp-block-image size-large\"><img loading=\"lazy\" decoding=\"async\" width=\"1024\" height=\"819\" data-id=\"625\" src=\"https:\/\/safe.eduproject.eu\/wp-content\/uploads\/2023\/02\/mika-baumeister-c5oiFqJGlgc-unsplash-1024x819.jpg\" alt=\"\" class=\"wp-image-625\" srcset=\"https:\/\/safe.eduproject.eu\/wp-content\/uploads\/2023\/02\/mika-baumeister-c5oiFqJGlgc-unsplash-1024x819.jpg 1024w, https:\/\/safe.eduproject.eu\/wp-content\/uploads\/2023\/02\/mika-baumeister-c5oiFqJGlgc-unsplash-300x240.jpg 300w, https:\/\/safe.eduproject.eu\/wp-content\/uploads\/2023\/02\/mika-baumeister-c5oiFqJGlgc-unsplash-768x615.jpg 768w, https:\/\/safe.eduproject.eu\/wp-content\/uploads\/2023\/02\/mika-baumeister-c5oiFqJGlgc-unsplash-1536x1229.jpg 1536w, https:\/\/safe.eduproject.eu\/wp-content\/uploads\/2023\/02\/mika-baumeister-c5oiFqJGlgc-unsplash-2048x1639.jpg 2048w\" sizes=\"auto, (max-width: 767px) 89vw, (max-width: 1000px) 54vw, (max-width: 1071px) 543px, 580px\" \/><\/figure>\n\n\n\n<figure class=\"wp-block-image size-large\"><img loading=\"lazy\" decoding=\"async\" width=\"1024\" height=\"683\" data-id=\"627\" src=\"https:\/\/safe.eduproject.eu\/wp-content\/uploads\/2023\/02\/waldemar-brandt-d2Xyth9FRKk-unsplash-1024x683.jpg\" alt=\"\" class=\"wp-image-627\" srcset=\"https:\/\/safe.eduproject.eu\/wp-content\/uploads\/2023\/02\/waldemar-brandt-d2Xyth9FRKk-unsplash-1024x683.jpg 1024w, https:\/\/safe.eduproject.eu\/wp-content\/uploads\/2023\/02\/waldemar-brandt-d2Xyth9FRKk-unsplash-300x200.jpg 300w, https:\/\/safe.eduproject.eu\/wp-content\/uploads\/2023\/02\/waldemar-brandt-d2Xyth9FRKk-unsplash-768x512.jpg 768w, https:\/\/safe.eduproject.eu\/wp-content\/uploads\/2023\/02\/waldemar-brandt-d2Xyth9FRKk-unsplash-1536x1024.jpg 1536w, https:\/\/safe.eduproject.eu\/wp-content\/uploads\/2023\/02\/waldemar-brandt-d2Xyth9FRKk-unsplash-2048x1365.jpg 2048w\" sizes=\"auto, (max-width: 767px) 89vw, (max-width: 1000px) 54vw, (max-width: 1071px) 543px, 580px\" \/><\/figure>\n\n\n\n<figure class=\"wp-block-image size-large\"><img loading=\"lazy\" decoding=\"async\" width=\"658\" height=\"493\" data-id=\"630\" src=\"https:\/\/safe.eduproject.eu\/wp-content\/uploads\/2023\/02\/11.jpg\" alt=\"\" class=\"wp-image-630\" srcset=\"https:\/\/safe.eduproject.eu\/wp-content\/uploads\/2023\/02\/11.jpg 658w, https:\/\/safe.eduproject.eu\/wp-content\/uploads\/2023\/02\/11-300x225.jpg 300w\" sizes=\"auto, (max-width: 658px) 100vw, 658px\" \/><\/figure>\n\n\n\n<figure class=\"wp-block-image size-large\"><img loading=\"lazy\" decoding=\"async\" width=\"835\" height=\"626\" data-id=\"633\" src=\"https:\/\/safe.eduproject.eu\/wp-content\/uploads\/2023\/02\/SA.jpg\" alt=\"\" class=\"wp-image-633\" srcset=\"https:\/\/safe.eduproject.eu\/wp-content\/uploads\/2023\/02\/SA.jpg 835w, https:\/\/safe.eduproject.eu\/wp-content\/uploads\/2023\/02\/SA-300x225.jpg 300w, https:\/\/safe.eduproject.eu\/wp-content\/uploads\/2023\/02\/SA-768x576.jpg 768w\" sizes=\"auto, (max-width: 767px) 89vw, (max-width: 1000px) 54vw, (max-width: 1071px) 543px, 580px\" \/><\/figure>\n\n\n\n<figure class=\"wp-block-image size-large\"><img loading=\"lazy\" decoding=\"async\" width=\"658\" height=\"494\" data-id=\"632\" src=\"https:\/\/safe.eduproject.eu\/wp-content\/uploads\/2023\/02\/SAD.jpg\" alt=\"\" class=\"wp-image-632\" srcset=\"https:\/\/safe.eduproject.eu\/wp-content\/uploads\/2023\/02\/SAD.jpg 658w, https:\/\/safe.eduproject.eu\/wp-content\/uploads\/2023\/02\/SAD-300x225.jpg 300w\" sizes=\"auto, (max-width: 658px) 100vw, 658px\" \/><\/figure>\n\n\n\n<figure class=\"wp-block-image size-large\"><img loading=\"lazy\" decoding=\"async\" width=\"1024\" height=\"461\" data-id=\"634\" src=\"https:\/\/safe.eduproject.eu\/wp-content\/uploads\/2023\/02\/SAFE-5-1024x461.jpg\" alt=\"\" class=\"wp-image-634\" srcset=\"https:\/\/safe.eduproject.eu\/wp-content\/uploads\/2023\/02\/SAFE-5-1024x461.jpg 1024w, https:\/\/safe.eduproject.eu\/wp-content\/uploads\/2023\/02\/SAFE-5-300x135.jpg 300w, https:\/\/safe.eduproject.eu\/wp-content\/uploads\/2023\/02\/SAFE-5-768x346.jpg 768w, https:\/\/safe.eduproject.eu\/wp-content\/uploads\/2023\/02\/SAFE-5-1536x691.jpg 1536w, https:\/\/safe.eduproject.eu\/wp-content\/uploads\/2023\/02\/SAFE-5.jpg 2000w\" sizes=\"auto, (max-width: 767px) 89vw, (max-width: 1000px) 54vw, (max-width: 1071px) 543px, 580px\" \/><\/figure>\n\n\n\n<figure class=\"wp-block-image size-large\"><img loading=\"lazy\" decoding=\"async\" width=\"768\" height=\"1024\" data-id=\"635\" src=\"https:\/\/safe.eduproject.eu\/wp-content\/uploads\/2023\/02\/SAFE-9-768x1024.jpg\" alt=\"\" class=\"wp-image-635\" srcset=\"https:\/\/safe.eduproject.eu\/wp-content\/uploads\/2023\/02\/SAFE-9-768x1024.jpg 768w, https:\/\/safe.eduproject.eu\/wp-content\/uploads\/2023\/02\/SAFE-9-225x300.jpg 225w, https:\/\/safe.eduproject.eu\/wp-content\/uploads\/2023\/02\/SAFE-9-1152x1536.jpg 1152w, https:\/\/safe.eduproject.eu\/wp-content\/uploads\/2023\/02\/SAFE-9.jpg 1200w\" sizes=\"auto, (max-width: 767px) 89vw, (max-width: 1000px) 54vw, (max-width: 1071px) 543px, 580px\" \/><\/figure>\n\n\n\n<figure class=\"wp-block-image size-large\"><img loading=\"lazy\" decoding=\"async\" width=\"768\" height=\"1024\" data-id=\"636\" src=\"https:\/\/safe.eduproject.eu\/wp-content\/uploads\/2023\/02\/SAFE-32.jpg\" alt=\"\" class=\"wp-image-636\" srcset=\"https:\/\/safe.eduproject.eu\/wp-content\/uploads\/2023\/02\/SAFE-32.jpg 768w, https:\/\/safe.eduproject.eu\/wp-content\/uploads\/2023\/02\/SAFE-32-225x300.jpg 225w\" sizes=\"auto, (max-width: 767px) 89vw, (max-width: 1000px) 54vw, (max-width: 1071px) 543px, 580px\" \/><\/figure>\n\n\n\n<figure class=\"wp-block-image size-large\"><img loading=\"lazy\" decoding=\"async\" width=\"1024\" height=\"768\" data-id=\"637\" src=\"https:\/\/safe.eduproject.eu\/wp-content\/uploads\/2023\/02\/SAFE-II-1024x768.jpg\" alt=\"\" class=\"wp-image-637\" srcset=\"https:\/\/safe.eduproject.eu\/wp-content\/uploads\/2023\/02\/SAFE-II-1024x768.jpg 1024w, https:\/\/safe.eduproject.eu\/wp-content\/uploads\/2023\/02\/SAFE-II-300x225.jpg 300w, https:\/\/safe.eduproject.eu\/wp-content\/uploads\/2023\/02\/SAFE-II-768x576.jpg 768w, https:\/\/safe.eduproject.eu\/wp-content\/uploads\/2023\/02\/SAFE-II-1536x1152.jpg 1536w, https:\/\/safe.eduproject.eu\/wp-content\/uploads\/2023\/02\/SAFE-II-2048x1536.jpg 2048w\" sizes=\"auto, (max-width: 767px) 89vw, (max-width: 1000px) 54vw, (max-width: 1071px) 543px, 580px\" \/><\/figure>\n\n\n\n<figure class=\"wp-block-image size-large\"><img loading=\"lazy\" decoding=\"async\" width=\"1024\" height=\"768\" data-id=\"642\" src=\"https:\/\/safe.eduproject.eu\/wp-content\/uploads\/2023\/02\/SAFE-III-1024x768.jpg\" alt=\"\" class=\"wp-image-642\" srcset=\"https:\/\/safe.eduproject.eu\/wp-content\/uploads\/2023\/02\/SAFE-III-1024x768.jpg 1024w, https:\/\/safe.eduproject.eu\/wp-content\/uploads\/2023\/02\/SAFE-III-300x225.jpg 300w, https:\/\/safe.eduproject.eu\/wp-content\/uploads\/2023\/02\/SAFE-III-768x576.jpg 768w, https:\/\/safe.eduproject.eu\/wp-content\/uploads\/2023\/02\/SAFE-III-1536x1152.jpg 1536w, https:\/\/safe.eduproject.eu\/wp-content\/uploads\/2023\/02\/SAFE-III-2048x1536.jpg 2048w\" sizes=\"auto, (max-width: 767px) 89vw, (max-width: 1000px) 54vw, (max-width: 1071px) 543px, 580px\" \/><\/figure>\n\n\n\n<figure class=\"wp-block-image size-large\"><img loading=\"lazy\" decoding=\"async\" width=\"1024\" height=\"768\" data-id=\"640\" src=\"https:\/\/safe.eduproject.eu\/wp-content\/uploads\/2023\/02\/SAFE-1024x768.jpg\" alt=\"\" class=\"wp-image-640\" srcset=\"https:\/\/safe.eduproject.eu\/wp-content\/uploads\/2023\/02\/SAFE-1024x768.jpg 1024w, https:\/\/safe.eduproject.eu\/wp-content\/uploads\/2023\/02\/SAFE-300x225.jpg 300w, https:\/\/safe.eduproject.eu\/wp-content\/uploads\/2023\/02\/SAFE-768x576.jpg 768w, https:\/\/safe.eduproject.eu\/wp-content\/uploads\/2023\/02\/SAFE-1536x1152.jpg 1536w, https:\/\/safe.eduproject.eu\/wp-content\/uploads\/2023\/02\/SAFE-2048x1536.jpg 2048w\" sizes=\"auto, (max-width: 767px) 89vw, (max-width: 1000px) 54vw, (max-width: 1071px) 543px, 580px\" \/><\/figure>\n\n\n\n<figure class=\"wp-block-image size-large\"><img loading=\"lazy\" decoding=\"async\" width=\"461\" height=\"1024\" data-id=\"638\" src=\"https:\/\/safe.eduproject.eu\/wp-content\/uploads\/2023\/02\/SAFE11-461x1024.jpg\" alt=\"\" class=\"wp-image-638\" srcset=\"https:\/\/safe.eduproject.eu\/wp-content\/uploads\/2023\/02\/SAFE11-461x1024.jpg 461w, https:\/\/safe.eduproject.eu\/wp-content\/uploads\/2023\/02\/SAFE11-135x300.jpg 135w, https:\/\/safe.eduproject.eu\/wp-content\/uploads\/2023\/02\/SAFE11-768x1707.jpg 768w, https:\/\/safe.eduproject.eu\/wp-content\/uploads\/2023\/02\/SAFE11-691x1536.jpg 691w, https:\/\/safe.eduproject.eu\/wp-content\/uploads\/2023\/02\/SAFE11.jpg 900w\" sizes=\"auto, (max-width: 461px) 100vw, 461px\" \/><\/figure>\n\n\n\n<figure class=\"wp-block-image size-large\"><img loading=\"lazy\" decoding=\"async\" width=\"682\" height=\"512\" data-id=\"639\" src=\"https:\/\/safe.eduproject.eu\/wp-content\/uploads\/2023\/02\/SAFE022.jpg\" alt=\"\" class=\"wp-image-639\" srcset=\"https:\/\/safe.eduproject.eu\/wp-content\/uploads\/2023\/02\/SAFE022.jpg 682w, https:\/\/safe.eduproject.eu\/wp-content\/uploads\/2023\/02\/SAFE022-300x225.jpg 300w\" sizes=\"auto, (max-width: 682px) 100vw, 682px\" \/><\/figure>\n\n\n\n<figure class=\"wp-block-image size-large\"><img loading=\"lazy\" decoding=\"async\" width=\"768\" height=\"1024\" data-id=\"641\" src=\"https:\/\/safe.eduproject.eu\/wp-content\/uploads\/2023\/02\/SAFE33-768x1024.jpg\" alt=\"\" class=\"wp-image-641\" srcset=\"https:\/\/safe.eduproject.eu\/wp-content\/uploads\/2023\/02\/SAFE33-768x1024.jpg 768w, https:\/\/safe.eduproject.eu\/wp-content\/uploads\/2023\/02\/SAFE33-225x300.jpg 225w, https:\/\/safe.eduproject.eu\/wp-content\/uploads\/2023\/02\/SAFE33-1152x1536.jpg 1152w, https:\/\/safe.eduproject.eu\/wp-content\/uploads\/2023\/02\/SAFE33.jpg 1200w\" sizes=\"auto, (max-width: 767px) 89vw, (max-width: 1000px) 54vw, (max-width: 1071px) 543px, 580px\" \/><\/figure>\n\n\n\n<figure class=\"wp-block-image size-large\"><img loading=\"lazy\" decoding=\"async\" width=\"728\" height=\"546\" data-id=\"643\" src=\"https:\/\/safe.eduproject.eu\/wp-content\/uploads\/2023\/02\/SAFE112.jpg\" alt=\"\" class=\"wp-image-643\" srcset=\"https:\/\/safe.eduproject.eu\/wp-content\/uploads\/2023\/02\/SAFE112.jpg 728w, https:\/\/safe.eduproject.eu\/wp-content\/uploads\/2023\/02\/SAFE112-300x225.jpg 300w\" sizes=\"auto, (max-width: 728px) 100vw, 728px\" \/><\/figure>\n\n\n\n<figure class=\"wp-block-image size-large\"><img loading=\"lazy\" decoding=\"async\" width=\"801\" height=\"600\" data-id=\"644\" src=\"https:\/\/safe.eduproject.eu\/wp-content\/uploads\/2023\/02\/SAFEii.jpg\" alt=\"\" class=\"wp-image-644\" srcset=\"https:\/\/safe.eduproject.eu\/wp-content\/uploads\/2023\/02\/SAFEii.jpg 801w, https:\/\/safe.eduproject.eu\/wp-content\/uploads\/2023\/02\/SAFEii-300x225.jpg 300w, https:\/\/safe.eduproject.eu\/wp-content\/uploads\/2023\/02\/SAFEii-768x575.jpg 768w\" sizes=\"auto, (max-width: 767px) 89vw, (max-width: 1000px) 54vw, (max-width: 1071px) 543px, 580px\" \/><\/figure>\n\n\n\n<figure class=\"wp-block-image size-large\"><img loading=\"lazy\" decoding=\"async\" width=\"658\" height=\"494\" data-id=\"645\" src=\"https:\/\/safe.eduproject.eu\/wp-content\/uploads\/2023\/02\/Shhh.jpg\" alt=\"\" class=\"wp-image-645\" srcset=\"https:\/\/safe.eduproject.eu\/wp-content\/uploads\/2023\/02\/Shhh.jpg 658w, https:\/\/safe.eduproject.eu\/wp-content\/uploads\/2023\/02\/Shhh-300x225.jpg 300w\" sizes=\"auto, (max-width: 658px) 100vw, 658px\" \/><\/figure>\n<\/figure>\n<\/div><\/div>\n\n\n\n<p><\/p>\n\n\n\n<figure class=\"wp-block-image size-full\"><img loading=\"lazy\" decoding=\"async\" width=\"998\" height=\"561\" src=\"https:\/\/safe.eduproject.eu\/wp-content\/uploads\/2022\/06\/SAFE_Multiplier-Event_III.jpg\" alt=\"\" class=\"wp-image-285\" srcset=\"https:\/\/safe.eduproject.eu\/wp-content\/uploads\/2022\/06\/SAFE_Multiplier-Event_III.jpg 998w, https:\/\/safe.eduproject.eu\/wp-content\/uploads\/2022\/06\/SAFE_Multiplier-Event_III-300x169.jpg 300w, https:\/\/safe.eduproject.eu\/wp-content\/uploads\/2022\/06\/SAFE_Multiplier-Event_III-768x432.jpg 768w\" sizes=\"auto, (max-width: 767px) 89vw, (max-width: 1000px) 54vw, (max-width: 1071px) 543px, 580px\" \/><\/figure>\n","protected":false},"excerpt":{"rendered":"<p>In total, there are three &#8220;Multiplier Events&#8221; within the SAFE project in the partner countries Germany at the University of Paderborn, in Spain at the school CEIP TOM\u00c0S ROMOJARO as well as at the Czech school KURZY ZEBRA in the Czech Republic. The following report gives an insight into this event and the photos provide &hellip; <\/p>\n<p class=\"link-more\"><a href=\"https:\/\/safe.eduproject.eu\/index.php\/multiplier-events\/\" class=\"more-link\">Continue reading<span class=\"screen-reader-text\"> &#8220;Multiplier Events of SAFE&#8221;<\/span><\/a><\/p>\n","protected":false},"author":1,"featured_media":0,"parent":0,"menu_order":0,"comment_status":"closed","ping_status":"closed","template":"","meta":{"footnotes":""},"class_list":["post-36","page","type-page","status-publish","hentry"],"_links":{"self":[{"href":"https:\/\/safe.eduproject.eu\/index.php\/wp-json\/wp\/v2\/pages\/36","targetHints":{"allow":["GET"]}}],"collection":[{"href":"https:\/\/safe.eduproject.eu\/index.php\/wp-json\/wp\/v2\/pages"}],"about":[{"href":"https:\/\/safe.eduproject.eu\/index.php\/wp-json\/wp\/v2\/types\/page"}],"author":[{"embeddable":true,"href":"https:\/\/safe.eduproject.eu\/index.php\/wp-json\/wp\/v2\/users\/1"}],"replies":[{"embeddable":true,"href":"https:\/\/safe.eduproject.eu\/index.php\/wp-json\/wp\/v2\/comments?post=36"}],"version-history":[{"count":4,"href":"https:\/\/safe.eduproject.eu\/index.php\/wp-json\/wp\/v2\/pages\/36\/revisions"}],"predecessor-version":[{"id":648,"href":"https:\/\/safe.eduproject.eu\/index.php\/wp-json\/wp\/v2\/pages\/36\/revisions\/648"}],"wp:attachment":[{"href":"https:\/\/safe.eduproject.eu\/index.php\/wp-json\/wp\/v2\/media?parent=36"}],"curies":[{"name":"wp","href":"https:\/\/api.w.org\/{rel}","templated":true}]}}